st the prime factors of 5170381.
29, 178289
List the prime factors of 2776857.
3, 925619
List the prime factors of 10064269.
479, 21011
List the prime factors of 6850216.
2, 856277
List the prime factors of 2029124.
2, 19, 26699
List the prime factors of 2422783.
11, 20023
List the prime factors of 102775.
5, 4111
What are the prime factors of 6644136?
2, 3, 276839
What are the prime factors of 698474?
2, 7, 49891
List the prime factors of 11889574.
2, 23, 258469
List the prime factors of 445362.
2, 3, 199, 373
List the prime factors of 9925505.
5, 19, 104479
List the prime factors of 32349735.
3, 5, 11, 65353
List the prime factors of 195723.
3, 11, 659
What are the prime factors of 17368896?
2, 3, 61, 1483
What are the prime factors of 1452685?
5, 13, 22349
List the prime factors of 2360744.
2, 269, 1097
List the prime factors of 2620980.
2, 3, 5, 14561
What are the prime factors of 4361461?
13, 113, 2969
List the prime factors of 637567.
7, 91081
List the prime factors of 156663.
3, 13, 103
List the prime factors of 1646082.
2, 3, 1129
List the prime factors of 400165.
5, 163, 491
List the prime factors of 1580994.
2, 3, 87833
List the prime factors of 1565166.
2, 3, 260861
List the prime factors of 1012980.
2, 3, 5, 16883
List the prime factors of 654589.
13, 43, 1171
What are the prime factors of 2020821?
3, 11, 19, 293
List the prime factors of 200273.
200273
List the prime factors of 1698948.
2, 3, 15731
List the prime factors of 355087.
355087
List the prime factors of 317812.
2, 11, 31, 233
What are the prime factors of 2213350?
2, 5, 44267
List the prime factors of 2399247.
3, 88861
What are the prime factors of 71023?
71023
What are the prime factors of 2069831?
67, 30893
List the prime factors of 877589.
101, 8689
What are the prime factors of 51340?
2, 5, 17, 151
List the prime factors of 2868938.
2, 1434469
List the prime factors of 6547140.
2, 3, 5, 36373
List the prime factors of 127484.
2, 7, 29, 157
List the prime factors of 93455.
5, 18691
List the prime factors of 27436.
2, 19
List the prime factors of 317945.
5, 63589
List the prime factors of 1170860.
2, 5, 58543
What are the prime factors of 220620?
2, 3, 5, 3677
What are the prime factors of 6599640?
2, 3, 5, 43, 1279
List the prime factors of 613148.
2, 153287
List the prime factors of 302908.
2, 41, 1847
What are the prime factors of 107992?
2, 13499
List the prime factors of 8473095.
3, 5, 188291
What are the prime factors of 81180?
2, 3, 5, 11, 41
List the prime factors of 602270.
2, 5, 229, 263
What are the prime factors of 2970430?
2, 5, 139, 2137
List the prime factors of 2074994.
2, 1037497
What are the prime factors of 690799?
73, 9463
What are the prime factors of 699990?
2, 3, 5, 23333
What are the prime factors of 638029?
7, 29, 449
What are the prime factors of 1815369?
3, 605123
List the prime factors of 1837543.
557, 3299
What are the prime factors of 9647209?
11, 13, 6133
List the prime factors of 251308.
2, 62827
List the prime factors of 436456.
2, 89, 613
List the prime factors of 2070978.
2, 3, 7, 13, 3793
List the prime factors of 57231.
3, 6359
What are the prime factors of 237861?
3, 13, 19, 107
What are the prime factors of 8741390?
2, 5, 7, 151, 827
List the prime factors of 1673278.
2, 373, 2243
What are the prime factors of 16939470?
2, 3, 5, 83, 6803
What are the prime factors of 9449524?
2, 7, 349, 967
What are the prime factors of 172356?
2, 3, 53, 271
List the prime factors of 179638.
2, 89819
What are the prime factors of 529407?
3, 59, 997
List the prime factors of 187542.
2, 3, 23, 151
List the prime factors of 222672.
2, 3, 4639
List the prime factors of 26438691.
3, 29, 31, 9803
What are the prime factors of 1939840?
2, 5, 7, 433
What are the prime factors of 131359?
17, 7727
What are the prime factors of 14227782?
2, 3, 2371297
What are the prime factors of 426663?
3, 47407
What are the prime factors of 137401?
11, 12491
What are the prime factors of 7755001?
127, 227, 269
What are the prime factors of 282157?
282157
List the prime factors of 1762656.
2, 3, 7, 43, 61
List the prime factors of 101570.
2, 5, 7, 1451
What are the prime factors of 157682?
2, 7, 1609
What are the prime factors of 2164116?
2, 3, 23, 7841
List the prime factors of 20950661.
233, 89917
List the prime factors of 4920721.
13, 89, 4253
What are the prime factors of 23687875?
5, 31, 6113
What are the prime factors of 1081223?
11, 13, 7561
What are the prime factors of 20021901?
3, 397, 16811
What are the prime factors of 960549?
3, 23, 13921
List the prime factors of 2555608.
2, 11, 113, 257
What are the prime factors of 105142?
2, 52571
List the prime factors of 99616.
2, 11, 283
List the prime factors of 22017.
3, 41, 179
List the prime factors of 7311268.
2, 1827817
List the prime factors of 238880.
2, 5, 1493
What are the prime factors of 5268483?
3, 11, 73
What are the prime factors of 2645145?
3, 5, 43, 1367
List the prime factors of 964401.
3, 321467
List the prime factors of 6531841.
397, 16453
What are the prime factors of 9800308?
2, 7, 83, 4217
What are the prime factors of 240190?
2, 5, 24019
List the prime factors of 15531249.
3, 761, 6803
List the prime factors of 435659.
7, 17, 523
What are the prime factors of 11376902?
2, 1231, 4621
List the prime factors of 144262.
2, 17, 4243
What are the prime factors of 4706346?
2, 3, 79, 9929
What are the prime factors of 132652?
2, 13, 2551
What are the prime factors of 1257089?
1257089
What are the prime factors of 1239757?
97, 12781
List the prime factors of 2041142.
2, 37, 27583
List the prime factors of 603414.
2, 3, 7, 4789
List the prime factors of 2779743.
3, 926581
What are the prime factors of 897806?
2, 7, 13, 4933
What are the prime factors of 799236?
2, 3, 149
List the prime factors of 9103368.
2, 3, 379307
What are the prime factors of 7305743?
23, 43, 83, 89
What are the prime factors of 49759?
17, 2927
What are the prime factors of 31369?
13, 19, 127
What are the prime factors of 157770?
2, 3, 5, 1753
List the prime factors of 447567.
3, 193, 773
What are the prime factors of 45555?
3, 5, 3037
List the prime factors of 542340.
2, 3, 5, 23, 131
What are the prime factors of 6043635?
3, 5, 13, 10331
List the prime factors of 2617475.
5, 7, 14957
List the prime factors of 436003.
436003
List the prime factors of 2050912.
2, 64091
What are the prime factors of 16961452?
2, 19, 67, 3331
What are the prime factors of 22480590?
2, 3, 5, 11, 563
What are the prime factors of 370826?
2, 79, 2347
List the prime factors of 850547.
31, 27437
List the prime factors of 2589851.
11, 235441
What are the prime factors of 531957?
3, 177319
What are the prime factors of 1125937?
467, 2411
List the prime factors of 171659.
171659
What are the prime factors of 361609?
431, 839
List the prime factors of 18737563.
13, 1441351
What are the prime factors of 5064547?
113, 44819
What are the prime factors of 24523?
137, 179
What are the prime factors of 3817201?
79, 211, 229
What are the prime factors of 13367556?
2, 3, 371321
List the prime factors of 68712.
2, 3, 7, 409
What are the prime factors of 13540?
2, 5, 677
List the prime factors of 9973.
9973
What are the prime factors of 7346547?
3, 13, 62791
What are the prime factors of 8957234?
2, 11, 13, 31319
List the prime factors of 28775.
5, 1151
List the prime factors of 183007.
11, 127, 131
List the prime factors of 3685180.
2, 5, 184259
What are the prime factors of 1335880?
2, 5, 7, 13, 367
What are the prime factors of 310880?
2, 5, 29, 67
What are the prime factors of 2480071?
11, 225461
What are the prime factors of 6826734?
2, 3, 126421
List the prime factors of 3521527.
3521527
List the prime factors of 8017584.
2, 3, 167033
List the prime factors of 394844.
2, 98711
What are the prime factors of 465884?
2, 116471
List the prime factors of 177694.
2, 11, 41, 197
List the prime factors of 3608774.
2, 13, 138799
What are the prime factors of 407817?
3, 113, 401
List the prime factors of 1877579.
11, 170689
What are the prime factors of 8814477?
3, 7, 421, 997
List the prime factors of 918766.
2, 459383
What are the prime factors of 7437455?
5, 19, 79, 991
List the prime factors of 4622038.
2, 31, 127, 587
List the prime factors of 1488028.
2, 53, 7019
